= -870 + u. List the prime factors of l.
2, 3, 19
Suppose -57*x + 51*x + 3216 = 0. Suppose 0 = 2*l - 1378 - x. What are the prime factors of l?
3, 11, 29
Suppose 48*l - 72 = 40*l. Suppose 3*x - 3035 = q, 14*x - 5056 = l*x + 4*q. List the prime factors of x.
2, 11, 23
Let v(i) = -25*i - 10. Let k be 2 - 8/(16/(-4)). Let y(b) = -b**3 + b**2 + 13*b - 6. Let z be y(k). What are the prime factors of v(z)?
2, 5
What are the prime factors of (((-247)/(-39))/19)/(2 - (-6682)/(-3342))?
557
Let q(t) = -t**2 + 5*t. Let b be q(4). Suppose 16 - b = 2*p. List the prime factors of 8/(-48) - (-535)/p.
89
Let q be (-1466)/12 + 74/444. Suppose 0 = 5*d - 958 - 67. Let v = q + d. What are the prime factors of v?
83
Let z be ((-10)/(-30))/(1/(-3)). Let o be 153 + (1 - 0/(-2))/z. Suppose -14*d + o = -13*d. What are the prime factors of d?
2, 19
Let n(q) = 2*q**2 - 103*q - 595. List the prime factors of n(87).
2, 2791
Suppose 393*p = 396*p - 6591. List the prime factors of p.
13
Suppose 10*i - h = 5*i + 40260, i - 8058 = -h. What are the prime factors of i?
8053
Suppose 97 = -5*q - 3*h, 22 - 25 = -q + 5*h. Let m(o) be the second derivative of -o**3/3 + 15*o**2/2 + o. List the prime factors of m(q).
7
Suppose -15*l = 10059 - 41319. List the prime factors of l.
2, 521
Let y be (40/(-14))/(84/(-378966)). What are the prime factors of 2/(-6) - (1 + y/(-15))?
2, 3, 11, 13
Let b(y) be the second derivative of -2*y**3/3 + 41*y**2/2 + 17*y. Let c be b(0). Suppose 0 = 3*u - 7 - c. What are the prime factors of u?
2
Suppose 5*c - 3573 = 4162. Suppose -1008 = -q - 2*l, c + 1510 = 3*q - 5*l. List the prime factors of q.
2, 3, 13
Let c(a) = 9*a**2 - 117*a + 98*a - 5*a**3 + 29 - 2*a**2 + 7*a**3. List the prime factors of c(7).
5, 37
Suppose -112 = -375*h + 389*h. What are the prime factors of (-10406)/h + 6/(-8)?
2, 5, 13
Suppose 4*p - 2*c + c = 0, 2*p + 10 = 3*c. Suppose -5*w + p = -19. Let o(r) = r**3 + r**2 - 5*r - 4. List the prime factors of o(w).
2, 7
Let p = 37848 + -18966. List the prime factors of p.
2, 3, 1049
Let u(a) = 7*a**3 - 53*a**2 - 19*a + 51. What are the prime factors of u(16)?
14851
Suppose 2*y - 18714 = 4*h, 16*y - 18716 = 14*y + 2*h. What are the prime factors of y?
7, 191
Let d be 30/(-7)*(-6 + -15). Suppose 93*x = d*x + 12. List the prime factors of 3*(15 - x) - -3.
2, 3
What are the prime factors of ((-1)/(-2))/(-15*12/(-3840120))?
10667
Suppose -r = 441 - 378. Suppose 5*b + 292 = -3*i - 341, 2*b + 2*i + 250 = 0. Let z = r - b. What are the prime factors of z?
2, 3, 11
Let n(v) = 3*v**2 - 14*v - 27. Let a be (-1)/(-3 + 192/66). List the prime factors of n(a).
2, 7, 13
Let m(p) = p**3 + 13*p**2 - 6*p - 86. Let s be m(-13). What are the prime factors of (-14 - 1285)/(-2*(-4)/s)?
3, 433
Let v be (-192)/(-128)*884/(-6). Let b = v + 354. List the prime factors of b.
7, 19
Let z(p) = -1405*p - 352. List the prime factors of z(-6).
2, 7, 577
Let p be (-1 - -240 - 1)*1. Suppose -p = 5*q + 132. Let v = 151 + q. List the prime factors of v.
7, 11
Let x = 15937 - 5336. List the prime factors of x.
10601
Let h(q) = -14*q + 81. Let r be h(-17). Suppose -2*i = 2, z - r - 230 = -5*i. What are the prime factors of z?
2, 277
Let l = 63 + 89. Let o be l/3 - (56/12 + -5). List the prime factors of (8 - 12) + o + -1.
2, 23
Suppose 15*p - 2*s = 13*p + 126, 4 = -4*s. What are the prime factors of (-4)/5*(7 - p)?
2, 11
Suppose 2*w = 118 - 112. Suppose -w*q + 619 = -2*c - 272, 0 = 4*q + c - 1188. What are the prime factors of q?
3, 11
Suppose -41*c = -9*c + 192. What are the prime factors of ((-14508)/(-65))/(c/(-15))?
2, 3, 31
Suppose 0 = -0*j + 12*j - 60. Suppose j*y = -5*y - 30. Let b(g) = -4*g + 1. List the prime factors of b(y).
13
Suppose 0 = a + 3*v - 38, a + 0*a - 46 = 5*v. Let w = -37 + a. Suppose -4*m - 5*g + 118 = -518, 0 = m + w*g - 159. What are the prime factors of m?
3, 53
Suppose 3*i + 13 = 4, o + i - 60 = 0. Let v = o - 35. Let h = v - -45. What are the prime factors of h?
73
Suppose -7*s - 50649 = -4*t - 2*s, 0 = -t + 12*s + 12716. What are the prime factors of t?
2, 7, 113
Let a(n) = -24*n - 380. Let k be a(-10). What are the prime factors of (-14)/k + 7709/10?
3, 257
Let v(k) = 124*k**2 + 58*k + 23. List the prime factors of v(5).
3413
Let p(u) = 47*u**2 + 324*u - 270. List the prime factors of p(32).
2, 7, 4159
Let j(d) = -4*d**3 + 28*d**2 + 225*d - 24. List the prime factors of j(-10).
2, 31, 73
Let u = -36 - -40. Suppose s + u = 0, 2*k - 4*k = -s - 290. Suppose -6*b + 3*b + k = 2*j, 5*b - 4*j - 253 = 0. List the prime factors of b.
7
Suppose 2*x + 15*i - 51 = 14*i, 0 = x - i - 24. Suppose 30*r = x*r + 205. What are the prime factors of r?
41
Let u = 5107 - 742. Suppose -52*h + 43*h = -u. List the prime factors of h.
5, 97
Let i = -275 - -280. What are the prime factors of i - 8 - (-960)/2?
3, 53
Let c(f) = 4457*f + 174. List the prime factors of c(1).
11, 421
Let m(v) = -v + 7. Let d be m(5). Let t(l) = -16*l + 0 + 4 - 5*l**2 + d + 4*l**2. What are the prime factors of t(-7)?
3, 23
Let q = 24092 - 14061. What are the prime factors of q?
7, 1433
Suppose 38*b + 25*b = 20*b. Let x be (0/2)/(0 - -1). Suppose -3*z - 6 = x, b*z = 5*r + 3*z - 14. What are the prime factors of r?
2
Let d(j) = j**3 - 4*j**2 - 6*j - 4. Let c be d(5). Let f be 12/54 - 1258/c. List the prime factors of (3 - 1) + f + (2 - 7).
137
Suppose 5*f = -2*j + 696, 2*j + 0 + 4 = 0. Suppose -2*k = 3*k + f. Let h = k + 46. What are the prime factors of h?
2, 3
Suppose 257*z = -9*z + 1070163 + 550841. What are the prime factors of z?
2, 11, 277
Suppose 5*l - 4*b - 6122 = 0, -8*b + 4897 = 4*l - 11*b. Suppose 0 = 4*z - u - 1255 + 272, u - l = -5*z. What are the prime factors of z?
5, 7
Let p(a) = -2*a**3 + 59*a**2 - 31*a - 11. Let x be p(29). Let h = x + 929. List the prime factors of h.
2, 5, 43
Let j(g) = 67*g**2 - 10*g + 12. Suppose 0 = -2*p + 2*h + 16, -3*p = 3*h - h + 1. What are the prime factors of j(p)?
3, 5, 13
Suppose -2*g = -3*g + 4*n + 284, 0 = 5*g - 3*n - 1505. Suppose 5*u - 799 - g = -3*h, -u + 225 = 5*h. Let r = u - 125. What are the prime factors of r?
5, 19
Let f = 645 - 636. Let n(a) = 3*a + 8. Let g be n(-8). Let l = f - g. What are the prime factors of l?
5
What are the prime factors of 1924503/231 + 10/(-55)?
3, 2777
Let l = -2689 - -4088. List the prime factors of l.
1399
Let t be 2*6 + (-2 - 6 - -6). Suppose 3*z - q = -2*q + 1205, -t = -5*q. List the prime factors of z.
401
Suppose 2*g - g - 5*d = 2, -2*d = 3*g - 23. Let v(j) = -5*j**3 + j**3 + g*j**3 - 1 + j. List the prime factors of v(2).
5
Let i(d) = -21*d**3 - 8*d + 6. Let r be i(-3). Let q = -260 + r. List the prime factors of q.
337
Let f(h) = -h**3 + h**2 + 7*h + 9. Let t be f(9). Let g = 812 + t. List the prime factors of g/(-6)*(-2 - 2/(-4)).
59
Let i(o) = 7*o**2 + 515*o - 61. What are the prime factors of i(-83)?
5417
Suppose -6*u + 8*u = -1028. What are the prime factors of u/6*(-4 + (-5 - -6))?
257
Suppose 5*a + t + 0*t = 17, -4*t = 4*a - 4. Suppose a*m - 7*m = -252. List the prime factors of (-595)/(-6) - 14/m.
3, 11
Let f(c) = 3639*c + 4372. List the prime factors of f(7).
5, 47, 127
Let w be 2 + (265/1 - -4). Let f = 482 - w. List the prime factors of f.
211
Suppose -2*l + 140 = 3*l. Let z(w) = 57*w + 180. Let v be z(-3). List the prime factors of (105/l)/(v/60).
5
Suppose 13*i = 20*i - 98. Suppose -3*y + 550 = 9*z - i*z, -562 = -3*y + 2*z. What are the prime factors of y?
2, 5, 19
Suppose -4*o - 12 = 0, -4743 + 1000 = -v + 5*o. List the prime factors of v.
2, 233
Let d(c) = 7*c - 316. Let v be d(46). What are the prime factors of 28/168 + 2351/v?
2, 7
Let m(u) = -9*u - 31. Let i be m(-3). Let h be (11/((-220)/(-3152)))/(i/(-10)). Let v = 627 - h. List the prime factors of v.
233
What are the prime factors of -4585*((36/1)/((-105)/14) + 4)?
2, 7, 131
Let a = -74415 - -112599. What are the prime factors of a?
2, 3, 37, 43
Suppose 0 = 1342*l - 1303*l - 1062867. What are the prime factors of l?
27253
Let s(v) = 3*v**3 - 52*v**2 - 10*v + 27. Suppose 0 = 62*h - 58*h - 72. List the prime factors of s(h).
3, 5, 11
Let x(c) = -5*c + 43. Suppose 2*t = -g - 0*g + 194, 0 = -2*t + g + 202. Let n = 89 - t. List the prime factors of x(n).
3, 31
Let n(v) = 2*v**2 + 4*v - 4. Let r be n(-3). Let k(d) = 3*d**r + 45*d**2 + 3*